41 = 0. Let k = f - -227. What is the units digit of k?
5
Let x(z) = 34*z**2 - 4*z - 13. Let n(q) = -q**2 - 28*q - 142. Let f be n(-7). What is the units digit of x(f)?
7
Suppose -40178 = -6*f - 6896 + 29190. What is the tens digit of f?
1
Suppose 0 = -2*i - 4, 5*i - 410 - 30 = 5*g. Let j = -155 - g. What is the hundreds digit of -3 - 205/j - (-1714)/13?
1
Let b(t) = t**2 + 41*t - 37. Let m be b(-43). Let p = 79 - m. What is the units digit of p?
0
Let u(i) = 7*i**3 + i**2 + 22*i. Let w be u(6). Suppose 0 = 4*h + 4*h - w. What is the units digit of h?
0
Suppose 2*y = 6*x + 114362, -2*y + 114292 = 133*x - 129*x. What is the units digit of y?
0
Let t(v) = -v**3 + 6*v**2 + 12*v + 10. Let r be ((-3)/(-15))/((-2)/10). Let n be -2*1/(-2) - (-5 + r). What is the tens digit of t(n)?
4
Let y = -32 + 32. Suppose y = 16*v - 15*v. Suppose v = 3*h - 128 + 17. What is the units digit of h?
7
Let m(i) = 317*i**2 - 8*i - 5. Let x be m(-1). Let s = x + -266. What is the units digit of s?
4
Let d(q) = -64*q - 36. Let h be d(-19). Suppose -31*v = -35*v + h. Suppose 0 = 3*u + 5*l - v, -5*l - 79 = -3*u + 226. What is the units digit of u?
0
Suppose w - 781 = 3*w + t, -5*w - 4*t = 1960. Let q = w - -1787. What is the tens digit of q?
9
Let g be -5 - -40 - 5/(0 - -5). Suppose 731 = g*s - 33*s. What is the hundreds digit of s?
7
Let d(r) = 2365*r - 295. What is the thousands digit of d(2)?
4
Suppose 4*o = -o - s + 293, 2*s - 6 = 0. Let m = o + -57. What is the units digit of 12*(m - 5/10)?
6
Suppose -w - 9*w + 40 = 0. Suppose -3*x - 3*v + 993 = -603, 5*x = w*v + 2669. What is the hundreds digit of x?
5
Let d(v) = 7*v - 21. Let y(l) = -4*l + 11. Let k(x) = 3*d(x) + 5*y(x). Let u be k(10). Suppose u*h - 79 = -11. What is the tens digit of h?
3
Let l(v) = v**3 - 39*v**2 - 11*v - 1396. What is the tens digit of l(43)?
2
Suppose 8*d - d - 210 = 0. Suppose 0 = -3*m - 41 - 4. What is the tens digit of (108/m)/((-9)/d)?
2
Let l = -305 - -452. Let q = -142 + l. Suppose 1277 = 5*h - 2*o + q*o, 2*o = -2. What is the hundreds digit of h?
2
What is the units digit of (-2)/(-4) - 1894452/(-1064)?
1
Suppose y - 14450 = -2*j, -70*j + 5*y = -67*j - 21662. What is the hundreds digit of j?
2
Let s(a) = -8*a**2 - 19*a - 28. Let i(o) = -8*o**2 - 23*o - 29. Let u(t) = 6*i(t) - 7*s(t). Let p be (-2 - 9/(-12))*-4. What is the hundreds digit of u(p)?
1
Suppose l + g - 4 = 0, 0 = -0*l - 5*l - g + 4. Suppose 0 = -5*j + 4*u + 1175, -5*u + 1220 = 5*j - l*u. What is the tens digit of j?
3
Let j(w) = -w**3 + 7*w**2 - 12*w + 10. Let f be j(4). What is the hundreds digit of 669/(f/4*(-24)/(-80))?
8
Suppose -4*f - 238 = -4*t - 270, f + 1 = -2*t. Let o(z) = -2*z**2 + 10*z**2 - 2 - 2*z**2. What is the tens digit of o(f)?
4
Suppose 0 = -846*m + 855*m - 496494. What is the thousands digit of m?
5
Let t = 6609 + 371. What is the hundreds digit of t?
9
Suppose -4*t - 108*n = -105*n - 40128, -5*t + 50160 = 3*n. What is the thousands digit of t?
0
Let s = 143 - 141. Suppose -5*h + s*r = -22, r = -2*h - 2*h + 15. Suppose -h*x = -42 - 98. What is the tens digit of x?
3
Suppose -209*u + 387*u = 7162008. What is the thousands digit of u?
0
Let k be 700/(-18) - (-1)/(-9). Let c = k - -42. Suppose 0 = c*a - 621 + 33. What is the units digit of a?
6
Let w(l) = 5*l - 11. Let v be w(6). Suppose f = -3*r + 10, 3 = -5*r - f + v. Suppose 0 = h - r*p - 2*p + 4, 3*h - p = 30. What is the tens digit of h?
1
Let f(j) = 140*j**3 - 3*j**2 + 8*j - 11. Let u(g) = -4*g + 22. Let s be u(5). What is the tens digit of f(s)?
1
Let z(m) be the second derivative of m**5/10 + m**4/12 - m**3 + 9*m**2 + 7*m - 10. What is the units digit of z(6)?
0
Suppose 0 = 5*a - 20, 3*a - 23 = -2*z + z. Suppose 10*o = z*o - 258. Suppose -3*j + 2*j - 452 = -5*c, o = 3*c - 5*j. What is the tens digit of c?
9
Suppose -8 = 4*j - 408. Let o = j + -60. Suppose 0 = -4*k + o - 12. What is the units digit of k?
7
Let q(u) = -2*u**2 + 16*u - 30. Let s be q(4). Suppose g - s*g + 2*a + 439 = 0, -3*g = 3*a - 1335. What is the tens digit of g?
4
Suppose 4*m - 366 = 2*u, -2*m + 353 = -3*u - 184. Let d = 420 + u. What is the units digit of d?
3
Let g be (-147)/2*((-176)/12)/11. What is the units digit of (-6)/18*21 + g?
1
Suppose -15*b - 12498 = -18*b + 3*q, -5*b = 2*q - 20844. What is the tens digit of b?
6
What is the tens digit of (-125408)/(-24) - 5 - (-1)/(-3)?
2
Suppose a + 0*s + 2*s + 46 = 0, 0 = 3*s + 9. What is the hundreds digit of -1 - 16850/a - 1/4?
4
Suppose -3*d + 8*d - 270 = 0. Let p = d - 28. Suppose -12*r + 14*r = p. What is the tens digit of r?
1
Let i = -22 + 27. Suppose 0 = -w - i, 5*w + 87 = c + w. What is the units digit of c?
7
Suppose 7 = -3*o + 13. Let p be ((-459)/21)/(-3) - o/7. Suppose 4*r - 20 = 0, p*u - 3*u + 5*r = 417. What is the tens digit of u?
9
Suppose -16*r - 23 = -15*r. Let u = 26 + r. Suppose k + 5*z = -4, u*k + 3*z - 4 = 32. What is the tens digit of k?
1
Let a(y) = -y**3 + 9*y**2 - 6*y + 1. Suppose 10*u - 104 = -24. Let i be a(u). Suppose -2*k = -79 + i. What is the units digit of k?
1
Let t = 12023 + 1870. What is the ten thousands digit of t?
1
Suppose 0 = -4*h - 5*a + 77, h - 5 = -4*a + 6. Suppose -19*q = -h*q + 3*w + 640, -3*q - 2*w = -480. What is the tens digit of q?
6
Let m(a) = -a**2 - 21*a - 32. Let c be m(-13). Suppose 71*y + 343 = c*y. What is the units digit of y?
3
Let n(y) = 149*y - 736. What is the tens digit of n(28)?
3
Let n(q) = 17*q + 13. Let j be n(7). Suppose -o + j = 4*d, -2*d = 3*d + 5*o - 180. Suppose -6*y + 4 = -d. What is the units digit of y?
6
Suppose 2*a - t = 401, -5*a - 5*t + 1000 = 5. What is the tens digit of a?
0
Let n(a) = 38*a**2 + 225*a - 42. What is the tens digit of n(12)?
3
Suppose -4*v + v = -5*t + 17, 4*v + 12 = 4*t. What is the tens digit of -1095*v/(20/(-8))?
3
Let g be -9*1/(-3) + -45. Let s = g - -48. What is the units digit of (-108)/30*(-20)/s?
2
Suppose 15*a + 50 = -70. Let n(j) = -4*j**3 - 6*j**2 - 11*j + 24. What is the tens digit of n(a)?
7
Let d = -32 - -25. What is the hundreds digit of 216 - (112/d)/(-4)?
2
What is the units digit of -366*(-15 + -3 - 5)?
8
Let l = 5049 + 588. What is the thousands digit of l?
5
Let l(m) = 1750*m**2 - m. Let w be l(-1). Let j = -955 + w. What is the hundreds digit of j?
7
Suppose 2*q + 6*q = -219*q + 14868727. What is the tens digit of q?
0
Let d be (-4)/4 + 2 + -45. Let f = 48 + d. Suppose f*m - 1925 = -7*m. What is the tens digit of m?
7
Let m be 67772/28 - 1/(-28)*-12. Let s = m + -1189. What is the units digit of s?
1
Let i = -7 - -7. Suppose -3*g = -5*h + 60, i*h + 2*g = 5*h - 55. What is the tens digit of 0/(-2 - 1) - (-62 - h)?
7
Suppose -46 = 4*g - 2*v - 132, -g + 14 = 2*v. Let p = 25 + g. Suppose 5*x = 50 - p. What is the units digit of x?
1
What is the units digit of -670 - -669 - (1 + 85927)/(-2)?
3
Suppose -63*t + 14581 = -3374. What is the hundreds digit of t?
2
Let r(c) = 75*c**2 + 3326*c + 15. What is the ten thousands digit of r(-56)?
4
Let t(z) = -2*z + 4. Let d be t(-1). Suppose 29 = 2*y + 31. What is the hundreds digit of (-59 + y)*d*49/(-105)?
1
Let k be ((-12)/3)/((-14)/2275). Let f = k - 389. What is the units digit of f?
1
What is the thousands digit of 170238/10 - (-24)/(-10)*(-15)/30?
7
Let n(f) = 173*f - 29. Let y be n(8). Suppose 0 = -3*u + 454 + y. What is the units digit of u?
3
What is the tens digit of (4290/45)/(6 + (-7460)/1245)?
6
Let p(a) = 5*a**2 - 34*a + 24. Let m be p(6). Suppose 18*q - 20*q + 1312 = m. What is the tens digit of q?
5
Let a(y) be the second derivative of y**4/4 - 10*y**3/3 - y**2 + 14*y. Let i be a(-10). Let u = i - 251. What is the tens digit of u?
4
Let z(p) = 2*p**3 - 16*p**2 + 18*p + 138. What is the hundreds digit of z(12)?
5
Suppose 13071 - 738 = 4*a + g, 2*a + 3*g - 6159 = 0. Suppose -5*b + a + 3261 = 0. What is the hundreds digit of b?
2
Suppose 4277*v = 4266*v + 708235. What is the tens digit of v?
8
Suppose -2*s + 9852 = 2*z, -28*s + 32*s + 14750 = 3*z. What is the thousands digit of z?
4
Suppose -28*h = -h - 288306. Suppose -h = -25*v + 12397. What is the hundreds digit of v?
9
Suppose 665*r = 662*r - t + 58951, -8*r + 2*t = -157212. What is the tens digit of r?
5
Let v be (-1)/(-3)*(2 + (18 - 5)). Suppose x - 267 = -m, m - v*x = 141 + 132. What is the hundreds digit of m